12030
In base 16, what is -63a1 + a?
-6397
In base 16, what is 7 + e7f2a?
e7f31
In base 2, what is -111000100001 + -11110101?
-111100010110
In base 10, what is 4 + -33794?
-33790
In base 11, what is 9 - -694a1?
694aa
In base 11, what is -4 - 155198?
-1551a1
In base 11, what is -6979 + -2?
-6980
In base 15, what is 1 + -28910?
-2890e
In base 14, what is -a2 - 3637?
-36d9
In base 13, what is 10b72 - -5?
10b77
In base 3, what is -22 + -111111001?
-111111100
In base 8, what is -4 - -1257667?
1257663
In base 4, what is 0 + 10102302?
10102302
In base 14, what is -13076 + 1?
-13075
In base 5, what is 11132001 + -21?
11131430
In base 11, what is -561 + -118a?
-1740
In base 11, what is 14 + 358?
371
In base 6, what is -3 - -30?
23
In base 12, what is -317a13 - -5?
-317a0a
In base 16, what is 59bd + 4?
59c1
In base 13, what is 94 + 67c?
743
In base 14, what is 4414 - -65?
4479
In base 13, what is -11aa4 + 5?
-11a9c
In base 7, what is 526 + -12025?
-11166
In base 15, what is -2871 - 55?
-28c6
In base 9, what is 5 - 4061?
-4055
In base 7, what is 3110653 + -5?
3110645
In base 6, what is 21535 - -23?
22002
In base 6, what is -5210 - -110?
-5100
In base 10, what is -4 + -1099?
-1103
In base 5, what is 22 + 31332?
31404
In base 2, what is 1110111111110011101 - 11?
1110111111110011010
In base 7, what is 0 - -526?
526
In base 11, what is -20 - 21291?
-21301
In base 9, what is 25267 + 14?
25282
In base 12, what is -a + 23b48?
23b3a
In base 11, what is -879 - -1?
-878
In base 12, what is -57bab0 - 0?
-57bab0
In base 14, what is -1609 + -180?
-1789
In base 12, what is bab + -16?
b95
In base 12, what is 89a - -83?
961
In base 5, what is -300403 - 0?
-300403
In base 9, what is 420112 + 3?
420115
In base 7, what is 3244266 + 0?
3244266
In base 13, what is 570 - 108?
465
In base 14, what is 3442 + -28?
3418
In base 7, what is 104111 + 2?
104113
In base 9, what is -40760 - 1?
-40761
In base 15, what is 7 - -8c1?
8c8
In base 10, what is -440831 - 5?
-440836
In base 5, what is -211432233 + 10?
-211432223
In base 13, what is -94 + 259?
195
In base 16, what is 3 + 4a82?
4a85
In base 4, what is 20133 - 113?
20020
In base 2, what is -1010000110111110 - -101?
-1010000110111001
In base 14, what is -14 + -79c9?
-79dd
In base 9, what is -2600 - -28?
-2561
In base 3, what is -111121120 + 11?
-111121102
In base 2, what is 11011111010110011 - 11?
11011111010110000
In base 15, what is 3355 - 207?
314d
In base 4, what is 103 - 223101?
-222332
In base 11, what is 2 + -9123?
-9121
In base 7, what is -4 - -125550?
125543
In base 15, what is 2a5 + e?
2b4
In base 2, what is -1001 - -10001010101001100?
10001010101000011
In base 11, what is -6 - 9624a?
-96255
In base 3, what is 201121020100 - 0?
201121020100
In base 8, what is 123161 + 3?
123164
In base 7, what is -301153 - 4?
-301160
In base 6, what is 5 + 130040?
130045
In base 11, what is 0 + 40726?
40726
In base 6, what is -201 - 13210?
-13411
In base 2, what is -11110010 - -101000000?
1001110
In base 6, what is -41130250 - 5?
-41130255
In base 12, what is 94a3 - 77?
9428
In base 2, what is -100111100011110100 - 100?
-100111100011111000
In base 13, what is b3 + -ca5?
-bc2
In base 6, what is -103442 - 204?
-104050
In base 5, what is 2001 - -240?
2241
In base 7, what is 6555 - -34?
6622
In base 2, what is 101 - -111011110111?
111011111100
In base 7, what is 256614 - -5?
256622
In base 6, what is -5404 - -112?
-5252
In base 16, what is eec + -1a?
ed2
In base 7, what is 21 + 412104?
412125
In base 12, what is -8 - 1b848?
-1b854
In base 12, what is 2 + -2168?
-2166
In base 4, what is -212 + 23021?
22203
In base 14, what is a + 15d7?
1603
In base 5, what is 1 + 1122103?
1122104
In base 10, what is 5 - 5558?
-5553
In base 5, what is 113012 - -144?
113211
In base 11, what is -41 - -206?
175
In base 2, what is 0 + -101101100111100?
-101101100111100
In base 13, what is -1 - 2cba?
-2cbb
In base 9, what is -14 - 3117?
-3132
In base 9, what is 34410 + 23?
34433
In base 14, what is 5 + -6ab3c?
-6ab37
In base 14, what is -40 - -a?
-34
In base 6, what is 15102242 - -3?
15102245
In base 8, what is 4 + -34764?
-34760
In base 16, what is -3dbb - 3?
-3dbe
In base 3, what is -1121111 + 20210?
-1100201
In base 6, what is 1 + 1440155?
1440200
In base 13, what is 0 + -1c004?
-1c004
In base 7, what is 326542 - -24?
326566
In base 5, what is -13142 + -20?
-13212
In base 15, what is 1c + 292?
2ae
In base 9, what is 64536 - 5?
64531
In base 12, what is 5 - 47a447?
-47a442
In base 9, what is 250270 + 17?
250287
In base 12, what is 22 - -1a372?
1a394
In base 3, what is 102 - -12222002?
12222111
In base 15, what is 16001d - 1?
16001c
In base 6, what is 5111 + -2351?
2320
In base 8, what is 301 - -1113?
1414
In base 9, what is 61738 - -27?
61766
In base 6, what is 5331 + -104?
5223
In base 7, what is -1 + -646150?
-646151
In base 9, what is 381 + -265?
115
In base 15, what is 7805 - -20?
7825
In base 15, what is -5 - 4832?
-4837
In base 15, what is -9824 - 1?
-9825
In base 2, what is -101 + 110110111011100010?
110110111011011101
In base 2, what is -11 - -110100000110?
110100000011
In base 9, what is 6 + -381062?
-381055
In base 6, what is -2443115 + 4?
-2443111
In base 8, what is 11 - -7473?
7504
In base 12, what is ab - -9072?
9161
In base 15, what is -25d3d - 0?
-25d3d
In base 3, what is 0 - 202021110212?
-202021110212
In base 3, what is 2 + 20111110101?
20111110110
In base 8, what is 131525 - 5?
131520
In base 14, what is 2 - -2d6?
2d8
In base 3, what is 1120111002112 - -11?
1120111002200
In base 3, what is 11212 - -1021222?
1110211
In base 9, what is 52 - 15216?
-15154
In base 4, what is 221 - -130113?
131000
In base 16, what is 685c1 + -4?
685bd
In base 2, what is 1001001110100101101 + 11?
1001001110100110000
In base 9, what is 337440 + -4?
337435
In base 8, what is -64562 - 27?
-64611
In base 11, what is -10 + -62286?
-62296
In base 2, what is 111000111010000 - -100?
111000111010100
In base 12, what is 1569 - -36?
15a3
In base 8, what is 664 + 4141?
5025
In base 15, what is -1 - -4624?
4623
In base 3, what is 210 + -121211?
-121001
In base 5, what is 1422322 - -3?
1422330
In base 5, what is -44112 + -4134?
-103301
In base 13, what is -11a223 + -4?
-11a227
In base 13, what is -105 + -653?
-758
In base 6, what is 10 - 155545?
-155535
In base 4, what is -220 - -2113?
1233
In base 4, what is 21 + 3323120?
3323201
In base 16, what is 1 + -6dc6?
-6dc5
In base 16, what is -144b + 3?
-1448
In base 8, what is -22543 - -307?
-22234
In base 5, what is -10 - 321432?
-321442
In base 11, what is -74 + 2939?
2875
In base 3, what is 110220 - 121201?
-10211
In base 2, what is 1 + 11000000010101?
11000000010110
In base 12, what is -2 - -1a887?
1a885
In base 10, what is 241739 - 4?
241735
In base 7, what is -233 - -2610?
2344
In base 15, what is -1e342 - 11?
-1e353
In base 15, what is de630 - 4?
de62b
In base 15, what is 29 + e89?
eb3
In base 9, what is 241 + -2254?
-2013
In base 6, what is 151 - -14501?
15052
In base 4, what is 2213231 + -2?
2213223
In base 6, what is 1 + -33450203?
-33450202
In base 10, what is -18802 - 1?
-18803
In base 7, what is -446 + 34624?
34145
In base 15, what is -3e00 + 2?
-3ded
In base 13, what is 5 + 121337?
12133c
In base 14, what is -14d2 - 6?
-14d8
In base 4, what is 13 + 1001330121?
1001330200
In base 14, what is 320 - b96?
-876
In base 11, what is -3727 - -a?
-3718
In base 12, what is 51329 + 1a?
51347
In base 3, what is -101022001 - 210?
-101022211
In base 5, what is -241011 + 2?
-241004
In base 4, what is 33002312 + 1?
33002313
In base 15, what is 145 + -1c9?
-84
In base 11, what is -56 - -3aa?
354
In base 5, what is 0 + -40140424?
-40140424
In base 8, what is -3603220 + 1?
-3603217
In base 7, what is 103621 + 13?
103634
In base 12, what is 7 - 204a9?
-204a2
In base 13, what is -57a7 - -1?
-57a6
In base 7, what is 26 - -105152?
105211
In base 14, what is 4689 + 0?
4689
In base 16, what is 1bb + -16?
1a5
In base 8, what is -24603 + 5?
-24576
In base 4, what is -1301031 - -31133?
-1203232
In base 16, what is 1 + 102b4?
102b5
In base 2, what is -1111110000100 + 11101010?
-1111010011010
In base 16, what is -45670 - -5?
-4566b
In base 15, what is 3 + -edb?
-ed8
In base 7, what is 5 - 43653?
-43645
In base 4, what is -10 - 3001023?
-3001033
In 